{"id":1487,"date":"2026-02-27T22:42:23","date_gmt":"2026-02-27T21:42:23","guid":{"rendered":"https:\/\/martina-gerdts.de\/?page_id=1487"},"modified":"2026-02-27T22:49:54","modified_gmt":"2026-02-27T21:49:54","slug":"gruppenkurse-fuer-institutionen","status":"publish","type":"page","link":"https:\/\/martina-gerdts.de\/pt\/gruppenkurse-fuer-institutionen\/","title":{"rendered":"Gruppenkurse f\u00fcr Institutionen"},"content":{"rendered":"\n<p>F\u00fcr Unternehmen, Sprachschulen und Vereine biete ich Portugiesisch- und Spanisch-Gruppenkurse an. Ich habe Erfahrung mit Online-Kursen, Pr\u00e4senzkursen und hybriden Kursen an Standorten im Landkreis Stade und Landkreis Harburg und habe mit Lernenden beider Sprachen in A1- und A2-Kursen gearbeitet. Die Kurse k\u00f6nnen f\u00fcr Kund*innen oder Mitarbeitende sein, ob Semesterkurs, Wochenendseminar oder mehrw\u00f6chiger Intensivkurs \u2013bei Interesse, melden Sie sich gern.<\/p>\n\n\n\n<p><\/p>\n","protected":false},"excerpt":{"rendered":"<p>F\u00fcr Unternehmen, Sprachschulen und Vereine biete ich Portugiesisch- und Spanisch-Gruppenkurse an. Ich habe Erfahrung mit Online-Kursen, Pr\u00e4senzkursen und hybriden Kursen an Standorten im Landkreis Stade und Landkreis Harburg und habe mit Lernenden beider Sprachen in A1- und A2-Kursen gearbeitet. Die Kurse k\u00f6nnen f\u00fcr Kund*innen oder Mitarbeitende sein, ob Semesterkurs, Wochenendseminar oder mehrw\u00f6chiger Intensivkurs \u2013bei Interesse, &hellip; <\/p>\n<p class=\"link-more\"><a href=\"https:\/\/martina-gerdts.de\/pt\/gruppenkurse-fuer-institutionen\/\" class=\"more-link\">Continue reading<span class=\"screen-reader-text\"> &#8220;Gruppenkurse f\u00fcr Institutionen&#8221;<\/span><\/a><\/p>\n","protected":false},"author":1,"featured_media":0,"parent":0,"menu_order":0,"comment_status":"closed","ping_status":"closed","template":"","meta":{"footnotes":""},"class_list":["post-1487","page","type-page","status-publish","hentry"],"translation":{"provider":"WPGlobus","version":"3.0.2","language":"pt","enabled_languages":["de","en","pt"],"languages":{"de":{"title":true,"content":true,"excerpt":false},"en":{"title":false,"content":false,"excerpt":false},"pt":{"title":false,"content":false,"excerpt":false}}},"_links":{"self":[{"href":"https:\/\/martina-gerdts.de\/pt\/wp-json\/wp\/v2\/pages\/1487","targetHints":{"allow":["GET"]}}],"collection":[{"href":"https:\/\/martina-gerdts.de\/pt\/wp-json\/wp\/v2\/pages"}],"about":[{"href":"https:\/\/martina-gerdts.de\/pt\/wp-json\/wp\/v2\/types\/page"}],"author":[{"embeddable":true,"href":"https:\/\/martina-gerdts.de\/pt\/wp-json\/wp\/v2\/users\/1"}],"replies":[{"embeddable":true,"href":"https:\/\/martina-gerdts.de\/pt\/wp-json\/wp\/v2\/comments?post=1487"}],"version-history":[{"count":4,"href":"https:\/\/martina-gerdts.de\/pt\/wp-json\/wp\/v2\/pages\/1487\/revisions"}],"predecessor-version":[{"id":1495,"href":"https:\/\/martina-gerdts.de\/pt\/wp-json\/wp\/v2\/pages\/1487\/revisions\/1495"}],"wp:attachment":[{"href":"https:\/\/martina-gerdts.de\/pt\/wp-json\/wp\/v2\/media?parent=1487"}],"curies":[{"name":"wp","href":"https:\/\/api.w.org\/{rel}","templated":true}]}}

Gruppenkurse für Institutionen

<p>Für Unternehmen, Sprachschulen und Vereine biete ich Portugiesisch- und Spanisch-Gruppenkurse an. Ich habe Erfahrung mit Online-Kursen, Präsenzkursen und hybriden Kursen an Standorten im Landkreis Stade und Landkreis Harburg und habe mit Lernenden beider Sprachen in A1- und A2-Kursen gearbeitet. Die Kurse können für Kund*innen oder Mitarbeitende sein, ob Semesterkurs, Wochenendseminar oder mehrwöchiger Intensivkurs –bei Interesse, melden Sie sich gern.</p>



<p></p>

<p>Für Unternehmen, Sprachschulen und Vereine biete ich Portugiesisch- und Spanisch-Gruppenkurse an. Ich habe Erfahrung mit Online-Kursen, Präsenzkursen und hybriden Kursen an Standorten im Landkreis Stade und Landkreis Harburg und habe mit Lernenden beider Sprachen in A1- und A2-Kursen gearbeitet. Die Kurse können für Kund*innen oder Mitarbeitende sein, ob Semesterkurs, Wochenendseminar oder mehrwöchiger Intensivkurs –bei Interesse, &hellip; </p>
<p class="link-more"><a href="https://martina-gerdts.de/pt/gruppenkurse-fuer-institutionen/" class="more-link">Continue reading<span class="screen-reader-text"> &#8220;Gruppenkurse für Institutionen&#8221;</span></a></p>
