{"id":276,"date":"2022-02-16T03:27:49","date_gmt":"2022-02-16T03:27:49","guid":{"rendered":"https:\/\/martina-gerdts.de\/?page_id=276"},"modified":"2026-02-27T18:20:38","modified_gmt":"2026-02-27T17:20:38","slug":"kontakt","status":"publish","type":"page","link":"https:\/\/martina-gerdts.de\/pt\/kontakt\/","title":{"rendered":"Kontakt"},"content":{"rendered":"<div class=\"wp-block-image is-resized is-style-rounded\">\n<figure class=\"aligncenter size-medium\"><img loading=\"lazy\" decoding=\"async\" width=\"225\" height=\"300\" src=\"https:\/\/martina-gerdts.de\/wp-content\/uploads\/2022\/02\/MartinaGerdtsBild-1-225x300.jpg\" alt=\"Ein Bild vom Kopf von Martina Gerdts vor wei\u00dfem Hintergrund. Man sieht eine wei\u00dfe Person mit langem blonden Haar.\" class=\"wp-image-306\" srcset=\"https:\/\/martina-gerdts.de\/wp-content\/uploads\/2022\/02\/MartinaGerdtsBild-1-225x300.jpg 225w, https:\/\/martina-gerdts.de\/wp-content\/uploads\/2022\/02\/MartinaGerdtsBild-1-768x1024.jpg 768w, https:\/\/martina-gerdts.de\/wp-content\/uploads\/2022\/02\/MartinaGerdtsBild-1-1152x1536.jpg 1152w, https:\/\/martina-gerdts.de\/wp-content\/uploads\/2022\/02\/MartinaGerdtsBild-1.jpg 1200w\" sizes=\"auto, (max-width: 225px) 100vw, 225px\" \/><figcaption class=\"wp-element-caption\">Foto: Martina Gerdts<\/figcaption><\/figure>\n<\/div>\n\n\n<p>Ich <strong>nehme gerne Anfragen<\/strong> f\u00fcr Vortr\u00e4ge, \u00dcbungsstunden, Gastbeitr\u00e4ge, Reviews und gemeinsame Projekte, die zu meinem Arbeitsbereich passen, entgegen. Solche Anfragen k\u00f6nnen mir per E-Mail geschickt werden: <a href=\"mailto:sprachlabor@martina-gerdts.de\">sprachlabor@martina-gerdts.de<\/a>. Ich bin auch gro\u00dfer Fan von Gespr\u00e4chen \u00fcber Forschungsinhalte!<\/p>\n\n\n\n<p>Wer mir \u00fcber <strong>Social Media<\/strong> folgen m\u00f6chte, hat mehrere M\u00f6glichkeiten, dies zu tun:<\/p>\n\n\n\n<div class=\"wp-block-buttons is-layout-flex wp-block-buttons-is-layout-flex\">\n<div class=\"wp-block-button aligncenter is-style-fill\"><a class=\"wp-block-button__link has-custom-font-size wp-element-button\" href=\"https:\/\/www.instagram.com\/martinalanguageslinguistics\/\" style=\"border-radius:100px;font-size:12px\" target=\"_blank\" rel=\"noreferrer noopener\">Instagram <br>@martinalanguageslinguistics<\/a><\/div>\n<\/div>\n\n\n\n<p><\/p>\n\n\n\n<div class=\"wp-block-buttons is-content-justification-center is-layout-flex wp-container-core-buttons-is-layout-16018d1d wp-block-buttons-is-layout-flex\">\n<div class=\"wp-block-button has-custom-width wp-block-button__width-25 is-style-fill\"><a class=\"wp-block-button__link has-custom-font-size wp-element-button\" href=\"https:\/\/www.linkedin.com\/in\/martina-g-923534199\/\" style=\"border-radius:100px;font-size:12px\">LinkedIn Martina G<\/a><\/div>\n<\/div>\n\n\n\n<p><\/p>\n\n\n\n<p><\/p>\n\n\n\n<p><\/p>\n\n\n\n<p><\/p>\n\n\n\n<p><\/p>\n","protected":false},"excerpt":{"rendered":"<p>Ich nehme gerne Anfragen f\u00fcr Vortr\u00e4ge, \u00dcbungsstunden, Gastbeitr\u00e4ge, Reviews und gemeinsame Projekte, die zu meinem Arbeitsbereich passen, entgegen. Solche Anfragen k\u00f6nnen mir per E-Mail geschickt werden: sprachlabor@martina-gerdts.de. Ich bin auch gro\u00dfer Fan von Gespr\u00e4chen \u00fcber Forschungsinhalte! Wer mir \u00fcber Social Media folgen m\u00f6chte, hat mehrere M\u00f6glichkeiten, dies zu tun:<\/p>\n","protected":false},"author":1,"featured_media":0,"parent":0,"menu_order":0,"comment_status":"closed","ping_status":"closed","template":"","meta":{"footnotes":""},"class_list":["post-276","page","type-page","status-publish","hentry"],"translation":{"provider":"WPGlobus","version":"3.0.2","language":"pt","enabled_languages":["de","en","pt"],"languages":{"de":{"title":true,"content":true,"excerpt":false},"en":{"title":true,"content":true,"excerpt":false},"pt":{"title":false,"content":false,"excerpt":false}}},"_links":{"self":[{"href":"https:\/\/martina-gerdts.de\/pt\/wp-json\/wp\/v2\/pages\/276","targetHints":{"allow":["GET"]}}],"collection":[{"href":"https:\/\/martina-gerdts.de\/pt\/wp-json\/wp\/v2\/pages"}],"about":[{"href":"https:\/\/martina-gerdts.de\/pt\/wp-json\/wp\/v2\/types\/page"}],"author":[{"embeddable":true,"href":"https:\/\/martina-gerdts.de\/pt\/wp-json\/wp\/v2\/users\/1"}],"replies":[{"embeddable":true,"href":"https:\/\/martina-gerdts.de\/pt\/wp-json\/wp\/v2\/comments?post=276"}],"version-history":[{"count":37,"href":"https:\/\/martina-gerdts.de\/pt\/wp-json\/wp\/v2\/pages\/276\/revisions"}],"predecessor-version":[{"id":1475,"href":"https:\/\/martina-gerdts.de\/pt\/wp-json\/wp\/v2\/pages\/276\/revisions\/1475"}],"wp:attachment":[{"href":"https:\/\/martina-gerdts.de\/pt\/wp-json\/wp\/v2\/media?parent=276"}],"curies":[{"name":"wp","href":"https:\/\/api.w.org\/{rel}","templated":true}]}}

<div class="wp-block-image is-resized is-style-rounded">
<figure class="aligncenter size-medium"><img loading="lazy" decoding="async" width="225" height="300" src="https://martina-gerdts.de/wp-content/uploads/2022/02/MartinaGerdtsBild-1-225x300.jpg" alt="Ein Bild vom Kopf von Martina Gerdts vor weißem Hintergrund. Man sieht eine weiße Person mit langem blonden Haar." class="wp-image-306" srcset="https://martina-gerdts.de/wp-content/uploads/2022/02/MartinaGerdtsBild-1-225x300.jpg 225w, https://martina-gerdts.de/wp-content/uploads/2022/02/MartinaGerdtsBild-1-768x1024.jpg 768w, https://martina-gerdts.de/wp-content/uploads/2022/02/MartinaGerdtsBild-1-1152x1536.jpg 1152w, https://martina-gerdts.de/wp-content/uploads/2022/02/MartinaGerdtsBild-1.jpg 1200w" sizes="auto, (max-width: 225px) 100vw, 225px" /><figcaption class="wp-element-caption">Foto: Martina Gerdts</figcaption></figure>
</div>


<p>Ich <strong>nehme gerne Anfragen</strong> für Vorträge, Übungsstunden, Gastbeiträge, Reviews und gemeinsame Projekte, die zu meinem Arbeitsbereich passen, entgegen. Solche Anfragen können mir per E-Mail geschickt werden: <a href="mailto:sprachlabor@martina-gerdts.de">sprachlabor@martina-gerdts.de</a>. Ich bin auch großer Fan von Gesprächen über Forschungsinhalte!</p>



<p>Wer mir über <strong>Social Media</strong> folgen möchte, hat mehrere Möglichkeiten, dies zu tun:</p>



<div class="wp-block-buttons is-layout-flex wp-block-buttons-is-layout-flex">
<div class="wp-block-button aligncenter is-style-fill"><a class="wp-block-button__link has-custom-font-size wp-element-button" href="https://www.instagram.com/martinalanguageslinguistics/" style="border-radius:100px;font-size:12px" target="_blank" rel="noreferrer noopener">Instagram <br>@martinalanguageslinguistics</a></div>
</div>



<p></p>



<div class="wp-block-buttons is-content-justification-center is-layout-flex wp-container-core-buttons-is-layout-16018d1d wp-block-buttons-is-layout-flex">
<div class="wp-block-button has-custom-width wp-block-button__width-25 is-style-fill"><a class="wp-block-button__link has-custom-font-size wp-element-button" href="https://www.linkedin.com/in/martina-g-923534199/" style="border-radius:100px;font-size:12px">LinkedIn Martina G</a></div>
</div>



<p></p>



<p></p>



<p></p>



<p></p>



<p></p>

<p>Ich nehme gerne Anfragen für Vorträge, Übungsstunden, Gastbeiträge, Reviews und gemeinsame Projekte, die zu meinem Arbeitsbereich passen, entgegen. Solche Anfragen können mir per E-Mail geschickt werden: sprachlabor@martina-gerdts.de. Ich bin auch großer Fan von Gesprächen über Forschungsinhalte! Wer mir über Social Media folgen möchte, hat mehrere Möglichkeiten, dies zu tun:</p>
